Last updated on 2025-11-06 15:50:07 CET.
| Flavor | Version | Tinstall | Tcheck | Ttotal | Status | Flags |
|---|---|---|---|---|---|---|
| r-devel-linux-x86_64-debian-clang | 0.1.6 | 9.08 | 89.69 | 98.77 | OK | |
| r-devel-linux-x86_64-debian-gcc | 0.1.6 | 6.55 | 65.41 | 71.96 | OK | |
| r-devel-linux-x86_64-fedora-clang | 0.2.0 | 85.00 | 78.55 | 163.55 | OK | |
| r-devel-linux-x86_64-fedora-gcc | 0.2.0 | 28.00 | 144.82 | 172.82 | OK | |
| r-devel-windows-x86_64 | 0.1.6 | 10.00 | 94.00 | 104.00 | OK | |
| r-patched-linux-x86_64 | 0.1.6 | 8.63 | 84.01 | 92.64 | OK | |
| r-release-linux-x86_64 | 0.1.6 | 6.28 | 84.64 | 90.92 | OK | |
| r-release-macos-arm64 | 0.2.0 | 4.00 | 62.00 | 66.00 | OK | |
| r-release-macos-x86_64 | 0.2.0 | 9.00 | 119.00 | 128.00 | OK | |
| r-release-windows-x86_64 | 0.1.6 | 10.00 | 93.00 | 103.00 | OK | |
| r-oldrel-macos-arm64 | 0.2.0 | 4.00 | 59.00 | 63.00 | OK | |
| r-oldrel-macos-x86_64 | 0.2.0 | 9.00 | 117.00 | 126.00 | OK | |
| r-oldrel-windows-x86_64 | 0.1.6 | 15.00 | 117.00 | 132.00 | NOTE |
Version: 0.1.6
Check: package dependencies
Result: NOTE
Package suggested but not available for checking: 'epidict'
Flavor: r-oldrel-windows-x86_64