CRAN Package Check Results for Package epifitter

Last updated on 2025-05-10 20:49:39 CEST.

Flavor Version Tinstall Tcheck Ttotal Status Flags
r-devel-linux-x86_64-debian-clang 0.3.0 3.11 64.76 67.87 OK
r-devel-linux-x86_64-debian-gcc 0.3.0 2.21 46.73 48.94 OK
r-devel-linux-x86_64-fedora-clang 0.3.0 102.23 NOTE
r-devel-linux-x86_64-fedora-gcc 0.3.0 118.73 NOTE
r-devel-windows-x86_64 0.3.0 5.00 84.00 89.00 OK
r-patched-linux-x86_64 0.3.0 2.98 60.50 63.48 OK
r-release-linux-x86_64 0.3.0 2.26 58.65 60.91 OK
r-release-macos-arm64 0.3.0 36.00 OK
r-release-macos-x86_64 0.3.0 79.00 OK
r-release-windows-x86_64 0.3.0 4.00 83.00 87.00 OK
r-oldrel-macos-arm64 0.3.0 38.00 OK
r-oldrel-macos-x86_64 0.3.0 58.00 OK
r-oldrel-windows-x86_64 0.3.0 6.00 98.00 104.00 OK

Check Details

Version: 0.3.0
Check: dependencies in R code
Result: NOTE Namespace in Imports field not imported from: ‘knitr’ All declared Imports should be used. Flavors: r-devel-linux-x86_64-fedora-clang, r-devel-linux-x86_64-fedora-gcc