CRAN Package Check Results for Package epandist

Last updated on 2025-07-24 04:50:10 CEST.

Flavor Version Tinstall Tcheck Ttotal Status Flags
r-devel-linux-x86_64-debian-clang 1.1.1 1.75 22.14 23.89 OK
r-devel-linux-x86_64-debian-gcc 1.1.1 1.34 18.55 19.89 OK
r-devel-linux-x86_64-fedora-clang 1.1.1 38.42 OK
r-devel-linux-x86_64-fedora-gcc 1.1.1 50.94 OK
r-devel-windows-x86_64 1.1.1 3.00 43.00 46.00 OK
r-patched-linux-x86_64 1.1.1 1.71 20.92 22.63 OK
r-release-linux-x86_64 1.1.1 1.56 20.97 22.53 OK
r-release-macos-arm64 1.1.1 23.00 OK
r-release-macos-x86_64 1.1.1 40.00 OK
r-release-windows-x86_64 1.1.1 3.00 43.00 46.00 OK
r-oldrel-macos-arm64 1.1.1 22.00 NOTE
r-oldrel-macos-x86_64 1.1.1 34.00 NOTE
r-oldrel-windows-x86_64 1.1.1 4.00 48.00 52.00 NOTE

Check Details

Version: 1.1.1
Check: LazyData
Result: NOTE 'LazyData' is specified without a 'data' directory Flavors: r-oldrel-macos-arm64, r-oldrel-macos-x86_64, r-oldrel-windows-x86_64