CRAN Package Check Results for Package encryptedRmd

Last updated on 2025-07-13 12:49:16 CEST.

Flavor Version Tinstall Tcheck Ttotal Status Flags
r-devel-linux-x86_64-debian-clang 0.2.1 1.76 20.39 22.15 OK
r-devel-linux-x86_64-debian-gcc 0.2.1 1.47 16.75 18.22 OK
r-devel-linux-x86_64-fedora-clang 0.2.1 31.93 OK
r-devel-linux-x86_64-fedora-gcc 0.2.1 29.69 OK
r-devel-windows-x86_64 0.2.1 4.00 40.00 44.00 OK
r-patched-linux-x86_64 0.2.1 1.75 18.11 19.86 OK
r-release-linux-x86_64 0.2.1 1.68 18.00 19.68 OK
r-release-macos-arm64 0.2.1 16.00 OK
r-release-macos-x86_64 0.2.1 23.00 OK
r-release-windows-x86_64 0.2.1 4.00 42.00 46.00 OK
r-oldrel-macos-arm64 0.2.1 17.00 NOTE
r-oldrel-macos-x86_64 0.2.1 27.00 NOTE
r-oldrel-windows-x86_64 0.2.1 5.00 45.00 50.00 NOTE

Check Details

Version: 0.2.1
Check: LazyData
Result: NOTE 'LazyData' is specified without a 'data' directory Flavors: r-oldrel-macos-arm64, r-oldrel-macos-x86_64, r-oldrel-windows-x86_64