Last updated on 2025-05-10 16:52:15 CEST.
Flavor | Version | Tinstall | Tcheck | Ttotal | Status | Flags |
---|---|---|---|---|---|---|
r-devel-linux-x86_64-debian-clang | 0.0.14 | 651.51 | 44.35 | 695.86 | NOTE | |
r-devel-linux-x86_64-debian-gcc | 0.0.14 | 406.63 | 32.73 | 439.36 | NOTE | |
r-devel-linux-x86_64-fedora-clang | 0.0.14 | 1590.55 | OK | |||
r-devel-linux-x86_64-fedora-gcc | 0.0.14 | 1449.71 | OK | |||
r-devel-windows-x86_64 | 0.0.14 | 734.00 | 99.00 | 833.00 | OK | |
r-patched-linux-x86_64 | 0.0.14 | 576.52 | 42.27 | 618.79 | OK | |
r-release-linux-x86_64 | 0.0.14 | 574.48 | 41.87 | 616.35 | OK | |
r-release-macos-arm64 | 0.0.14 | 225.00 | OK | |||
r-release-macos-x86_64 | 0.0.14 | 189.00 | OK | |||
r-release-windows-x86_64 | 0.0.14 | 718.00 | 98.00 | 816.00 | OK | |
r-oldrel-macos-arm64 | 0.0.14 | 274.00 | NOTE | |||
r-oldrel-macos-x86_64 | 0.0.14 | 221.00 | NOTE | |||
r-oldrel-windows-x86_64 | 0.0.14 | 838.00 | 118.00 | 956.00 | OK |
Version: 0.0.14
Check: CRAN incoming feasibility
Result: NOTE
Maintainer: ‘Kosuke Imai <imai@harvard.edu>’
No Authors@R field in DESCRIPTION.
Please add one, modifying
Authors@R: c(person(given = "Kosuke",
family = "Imai",
role = c("aut", "cre"),
email = "imai@harvard.edu"),
person(given = "James",
family = "Lo",
role = "aut",
email = "jameslo989@gmail.com"),
person(given = "Jonathan",
family = "Olmsted",
role = "aut",
email = "jpolmsted@gmail.com"))
as necessary.
Flavors: r-devel-linux-x86_64-debian-clang, r-devel-linux-x86_64-debian-gcc
Version: 0.0.14
Check: installed package size
Result: NOTE
installed size is 18.1Mb
sub-directories of 1Mb or more:
data 2.0Mb
libs 15.9Mb
Flavors: r-oldrel-macos-arm64, r-oldrel-macos-x86_64