Last updated on 2025-05-10 20:49:39 CEST.
Flavor | Version | Tinstall | Tcheck | Ttotal | Status | Flags |
---|---|---|---|---|---|---|
r-devel-linux-x86_64-debian-clang | 0.99.0 | 3.36 | 61.22 | 64.58 | NOTE | |
r-devel-linux-x86_64-debian-gcc | 0.99.0 | 2.62 | 42.63 | 45.25 | NOTE | |
r-devel-linux-x86_64-fedora-clang | 0.99.0 | 102.39 | OK | |||
r-devel-linux-x86_64-fedora-gcc | 0.99.0 | 117.35 | OK | |||
r-devel-windows-x86_64 | 0.99.0 | 6.00 | 77.00 | 83.00 | NOTE | |
r-patched-linux-x86_64 | 0.99.0 | 3.63 | 57.07 | 60.70 | NOTE | |
r-release-linux-x86_64 | 0.99.0 | 3.62 | 56.83 | 60.45 | NOTE | |
r-release-macos-arm64 | 0.99.0 | 46.00 | OK | |||
r-release-macos-x86_64 | 0.99.0 | 77.00 | OK | |||
r-release-windows-x86_64 | 0.99.0 | 5.00 | 75.00 | 80.00 | NOTE | |
r-oldrel-macos-arm64 | 0.99.0 | 35.00 | OK | |||
r-oldrel-macos-x86_64 | 0.99.0 | 54.00 | OK | |||
r-oldrel-windows-x86_64 | 0.99.0 | 7.00 | 90.00 | 97.00 | OK |
Version: 0.99.0
Check: Rd cross-references
Result: NOTE
Found the following Rd file(s) with Rd \link{} targets missing package
anchors:
get_aws_terrain.Rd: st_crs
get_elev_point.Rd: st_crs
get_elev_raster.Rd: st_crs
get_opentopo.Rd: st_crs
Please provide package anchors for all Rd \link{} targets not in the
package itself and the base packages.
Flavors: r-devel-linux-x86_64-debian-clang, r-devel-linux-x86_64-debian-gcc, r-devel-windows-x86_64, r-patched-linux-x86_64, r-release-linux-x86_64, r-release-windows-x86_64