CRAN Package Check Results for Package editData

Last updated on 2025-07-28 01:49:05 CEST.

Flavor Version Tinstall Tcheck Ttotal Status Flags
r-devel-linux-x86_64-debian-clang 0.1.8 5.04 44.37 49.41 OK
r-devel-linux-x86_64-debian-gcc 0.1.8 3.63 35.31 38.94 OK
r-devel-linux-x86_64-fedora-clang 0.1.8 76.91 NOTE
r-devel-linux-x86_64-fedora-gcc 0.1.8 88.70 NOTE
r-devel-windows-x86_64 0.1.8 7.00 75.00 82.00 OK
r-patched-linux-x86_64 0.1.8 4.58 41.46 46.04 OK
r-release-linux-x86_64 0.1.8 4.90 41.69 46.59 OK
r-release-macos-arm64 0.1.8 43.00 OK
r-release-macos-x86_64 0.1.8 62.00 OK
r-release-windows-x86_64 0.1.8 6.00 64.00 70.00 OK
r-oldrel-macos-arm64 0.1.8 32.00 OK
r-oldrel-macos-x86_64 0.1.8 47.00 OK
r-oldrel-windows-x86_64 0.1.8 9.00 74.00 83.00 OK

Check Details

Version: 0.1.8
Check: dependencies in R code
Result: NOTE Namespaces in Imports field not imported from: ‘dplyr’ ‘magrittr’ ‘tibble’ All declared Imports should be used. Flavors: r-devel-linux-x86_64-fedora-clang, r-devel-linux-x86_64-fedora-gcc