CRAN Package Check Results for Package edina

Last updated on 2025-05-10 20:49:39 CEST.

Flavor Version Tinstall Tcheck Ttotal Status Flags
r-devel-linux-x86_64-debian-clang 0.1.1 28.43 51.74 80.17 NOTE
r-devel-linux-x86_64-debian-gcc 0.1.1 21.68 37.91 59.59 NOTE
r-devel-linux-x86_64-fedora-clang 0.1.1 129.12 NOTE
r-devel-linux-x86_64-fedora-gcc 0.1.1 142.87 NOTE
r-devel-windows-x86_64 0.1.1 36.00 88.00 124.00 NOTE
r-patched-linux-x86_64 0.1.1 29.78 47.95 77.73 NOTE
r-release-linux-x86_64 0.1.1 27.56 47.74 75.30 NOTE
r-release-macos-arm64 0.1.1 46.00 NOTE
r-release-macos-x86_64 0.1.1 62.00 NOTE
r-release-windows-x86_64 0.1.1 37.00 87.00 124.00 NOTE
r-oldrel-macos-arm64 0.1.1 39.00 NOTE
r-oldrel-macos-x86_64 0.1.1 51.00 NOTE
r-oldrel-windows-x86_64 0.1.1 42.00 104.00 146.00 NOTE

Check Details

Version: 0.1.1
Check: CRAN incoming feasibility
Result: NOTE Maintainer: ‘James Joseph Balamuta <balamut2@illinois.edu>’ Package CITATION file contains call(s) to old-style personList() or as.personList(). Please use c() on person objects instead. Package CITATION file contains call(s) to old-style citEntry(). Please use bibentry() instead. Flavors: r-devel-linux-x86_64-debian-clang, r-devel-linux-x86_64-debian-gcc

Version: 0.1.1
Check: C++ specification
Result: NOTE Specified C++11: please drop specification unless essential Flavors: r-devel-linux-x86_64-debian-clang, r-devel-linux-x86_64-debian-gcc, r-devel-linux-x86_64-fedora-clang, r-devel-linux-x86_64-fedora-gcc, r-devel-windows-x86_64, r-patched-linux-x86_64, r-release-linux-x86_64, r-release-macos-arm64, r-release-macos-x86_64, r-release-windows-x86_64, r-oldrel-macos-arm64, r-oldrel-macos-x86_64, r-oldrel-windows-x86_64

Version: 0.1.1
Check: LazyData
Result: NOTE 'LazyData' is specified without a 'data' directory Flavors: r-oldrel-macos-arm64, r-oldrel-macos-x86_64, r-oldrel-windows-x86_64