Last updated on 2025-05-10 08:50:36 CEST.
Flavor | Version | Tinstall | Tcheck | Ttotal | Status | Flags |
---|---|---|---|---|---|---|
r-devel-linux-x86_64-debian-clang | 1.2.6.4 | 3.55 | 45.69 | 49.24 | NOTE | |
r-devel-linux-x86_64-debian-gcc | 1.2.6.4 | 2.67 | 33.49 | 36.16 | NOTE | |
r-devel-linux-x86_64-fedora-clang | 1.2.6.4 | 79.00 | OK | |||
r-devel-linux-x86_64-fedora-gcc | 1.2.6.4 | 91.92 | OK | |||
r-devel-windows-x86_64 | 1.2.6.4 | 8.00 | 82.00 | 90.00 | OK | |
r-patched-linux-x86_64 | 1.2.6.4 | 3.58 | 44.51 | 48.09 | OK | |
r-release-linux-x86_64 | 1.2.6.4 | 3.35 | 44.96 | 48.31 | OK | |
r-release-macos-arm64 | 1.2.6.4 | 34.00 | OK | |||
r-release-macos-x86_64 | 1.2.6.4 | 63.00 | OK | |||
r-release-windows-x86_64 | 1.2.6.4 | 8.00 | 85.00 | 93.00 | OK | |
r-oldrel-macos-arm64 | 1.2.6.4 | 31.00 | OK | |||
r-oldrel-macos-x86_64 | 1.2.6.4 | 47.00 | OK | |||
r-oldrel-windows-x86_64 | 1.2.6.4 | 7.00 | 89.00 | 96.00 | OK |
Version: 1.2.6.4
Check: CRAN incoming feasibility
Result: NOTE
Maintainer: ‘Karline Soetaert <karline.soetaert@nioz.nl>’
No Authors@R field in DESCRIPTION.
Please add one, modifying
Authors@R: c(person(given = "Karline",
family = "Soetaert",
role = c("aut", "cre"),
email = "karline.soetaert@nioz.nl"),
person(given = c("Peter", "MJ"),
family = "Herman",
role = "aut",
email = "peter.herman@nioz.nl"))
as necessary.
Flavors: r-devel-linux-x86_64-debian-clang, r-devel-linux-x86_64-debian-gcc