Last updated on 2025-05-10 20:49:39 CEST.
Flavor | Version | Tinstall | Tcheck | Ttotal | Status | Flags |
---|---|---|---|---|---|---|
r-devel-linux-x86_64-debian-clang | 4.0.1 | 3.13 | 31.85 | 34.98 | NOTE | |
r-devel-linux-x86_64-debian-gcc | 4.0.1 | 2.29 | 23.87 | 26.16 | NOTE | |
r-devel-linux-x86_64-fedora-clang | 4.0.1 | 55.91 | OK | |||
r-devel-linux-x86_64-fedora-gcc | 4.0.1 | 69.26 | OK | |||
r-devel-windows-x86_64 | 4.0.1 | 4.00 | 49.00 | 53.00 | OK | |
r-patched-linux-x86_64 | 4.0.1 | 2.63 | 30.47 | 33.10 | OK | |
r-release-linux-x86_64 | 4.0.1 | 3.06 | 30.51 | 33.57 | OK | |
r-release-macos-arm64 | 4.0.1 | 26.00 | OK | |||
r-release-macos-x86_64 | 4.0.1 | 50.00 | OK | |||
r-release-windows-x86_64 | 4.0.1 | 5.00 | 50.00 | 55.00 | OK | |
r-oldrel-macos-arm64 | 4.0.1 | 23.00 | OK | |||
r-oldrel-macos-x86_64 | 4.0.1 | 40.00 | OK | |||
r-oldrel-windows-x86_64 | 4.0.1 | 4.00 | 57.00 | 61.00 | OK |
Version: 4.0.1
Check: CRAN incoming feasibility
Result: NOTE
Maintainer: ‘Jennifer Hurley <hurlej2@rpi.edu>’
Package CITATION file contains call(s) to old-style personList() or
as.personList(). Please use c() on person objects instead.
Package CITATION file contains call(s) to old-style citEntry(). Please
use bibentry() instead.
Flavors: r-devel-linux-x86_64-debian-clang, r-devel-linux-x86_64-debian-gcc