Last updated on 2025-05-10 20:49:39 CEST.
Flavor | Version | Tinstall | Tcheck | Ttotal | Status | Flags |
---|---|---|---|---|---|---|
r-devel-linux-x86_64-debian-clang | 0.1.7 | 41.84 | 180.62 | 222.46 | OK | |
r-devel-linux-x86_64-debian-gcc | 0.1.7 | 33.58 | 131.11 | 164.69 | OK | |
r-devel-linux-x86_64-fedora-clang | 0.1.7 | 404.39 | OK | |||
r-devel-linux-x86_64-fedora-gcc | 0.1.7 | 421.91 | OK | |||
r-devel-windows-x86_64 | 0.1.7 | 42.00 | 248.00 | 290.00 | OK | |
r-patched-linux-x86_64 | 0.1.7 | 42.72 | 186.39 | 229.11 | OK | |
r-release-linux-x86_64 | 0.1.7 | 45.71 | 184.62 | 230.33 | OK | |
r-release-macos-arm64 | 0.1.7 | 105.00 | OK | |||
r-release-macos-x86_64 | 0.1.7 | 218.00 | OK | |||
r-release-windows-x86_64 | 0.1.7 | 43.00 | 245.00 | 288.00 | OK | |
r-oldrel-macos-arm64 | 0.1.7 | 119.00 | NOTE | |||
r-oldrel-macos-x86_64 | 0.1.7 | 251.00 | NOTE | |||
r-oldrel-windows-x86_64 | 0.1.7 | 50.00 | 275.00 | 325.00 | OK |
Version: 0.1.7
Check: installed package size
Result: NOTE
installed size is 18.3Mb
sub-directories of 1Mb or more:
R 2.5Mb
libs 15.5Mb
Flavors: r-oldrel-macos-arm64, r-oldrel-macos-x86_64