Last updated on 2025-05-10 12:49:41 CEST.
Flavor | Version | Tinstall | Tcheck | Ttotal | Status | Flags |
---|---|---|---|---|---|---|
r-devel-linux-x86_64-debian-clang | 0.3.2 | 442.48 | 135.03 | 577.51 | OK | |
r-devel-linux-x86_64-debian-gcc | 0.3.2 | 402.96 | 131.98 | 534.94 | OK | |
r-devel-linux-x86_64-fedora-clang | 0.3.2 | 1000.66 | OK | |||
r-devel-linux-x86_64-fedora-gcc | 0.3.2 | 1452.40 | OK | |||
r-devel-windows-x86_64 | 0.3.2 | 514.00 | 194.00 | 708.00 | OK | |
r-patched-linux-x86_64 | 0.3.2 | 555.32 | 176.09 | 731.41 | OK | |
r-release-linux-x86_64 | 0.3.2 | 536.31 | 175.92 | 712.23 | OK | |
r-release-macos-arm64 | 0.3.2 | 241.00 | OK | |||
r-release-macos-x86_64 | 0.3.2 | 248.00 | OK | |||
r-release-windows-x86_64 | 0.3.2 | 513.00 | 186.00 | 699.00 | OK | |
r-oldrel-macos-arm64 | 0.3.2 | 229.00 | NOTE | |||
r-oldrel-macos-x86_64 | 0.3.2 | 251.00 | NOTE | |||
r-oldrel-windows-x86_64 | 0.3.2 | 574.00 | 238.00 | 812.00 | NOTE |
Version: 0.3.2
Check: installed package size
Result: NOTE
installed size is 92.2Mb
sub-directories of 1Mb or more:
help 2.7Mb
libs 89.1Mb
Flavors: r-oldrel-macos-arm64, r-oldrel-macos-x86_64, r-oldrel-windows-x86_64
Version: 0.3.2
Check: for GNU extensions in Makefiles
Result: NOTE
GNU make is a SystemRequirements.
Flavors: r-oldrel-macos-arm64, r-oldrel-macos-x86_64, r-oldrel-windows-x86_64