Last updated on 2025-10-26 20:48:31 CET.
| Flavor | Version | Tinstall | Tcheck | Ttotal | Status | Flags |
|---|---|---|---|---|---|---|
| r-devel-linux-x86_64-debian-clang | 0.1.2 | 4.39 | 27.37 | 31.76 | NOTE | |
| r-devel-linux-x86_64-debian-gcc | 0.1.2 | 3.66 | 21.69 | 25.35 | NOTE | |
| r-devel-linux-x86_64-fedora-clang | 0.1.2 | 12.00 | 39.57 | 51.57 | OK | |
| r-devel-linux-x86_64-fedora-gcc | 0.1.2 | 11.00 | 39.04 | 50.04 | OK | |
| r-devel-windows-x86_64 | 0.1.2 | 9.00 | 54.00 | 63.00 | OK | |
| r-patched-linux-x86_64 | 0.1.2 | 5.03 | 25.73 | 30.76 | OK | |
| r-release-linux-x86_64 | 0.1.2 | 4.42 | 25.88 | 30.30 | OK | |
| r-release-macos-arm64 | 0.1.2 | 4.00 | 19.00 | 23.00 | OK | |
| r-release-macos-x86_64 | 0.1.2 | 8.00 | 50.00 | 58.00 | OK | |
| r-release-windows-x86_64 | 0.1.2 | 9.00 | 56.00 | 65.00 | OK | |
| r-oldrel-macos-arm64 | 0.1.2 | 3.00 | 16.00 | 19.00 | NOTE | |
| r-oldrel-macos-x86_64 | 0.1.2 | 4.00 | 24.00 | 28.00 | NOTE | |
| r-oldrel-windows-x86_64 | 0.1.2 | 11.00 | 56.00 | 67.00 | OK |
Version: 0.1.2
Check: CRAN incoming feasibility
Result: NOTE
Maintainer: ‘Garritt L. Page <page@stat.byu.edu>’
The Description field contains
S; (2020) <arXiv:2012.11767>. Both the parametric and semi-parametric
Please refer to arXiv e-prints via their arXiv DOI <doi:10.48550/arXiv.YYMM.NNNNN>.
Flavors: r-devel-linux-x86_64-debian-clang, r-devel-linux-x86_64-debian-gcc
Version: 0.1.2
Check: package dependencies
Result: NOTE
Package suggested but not available for checking: ‘INLA’
Flavors: r-oldrel-macos-arm64, r-oldrel-macos-x86_64