Last updated on 2025-05-10 16:52:15 CEST.
Flavor | Version | Tinstall | Tcheck | Ttotal | Status | Flags |
---|---|---|---|---|---|---|
r-devel-linux-x86_64-debian-clang | 1.2.4 | 15.72 | 212.39 | 228.11 | NOTE | |
r-devel-linux-x86_64-debian-gcc | 1.2.4 | 10.54 | 144.01 | 154.55 | NOTE | |
r-devel-linux-x86_64-fedora-clang | 1.2.4 | 388.56 | OK | |||
r-devel-linux-x86_64-fedora-gcc | 1.2.4 | 352.32 | OK | |||
r-devel-windows-x86_64 | 1.2.4 | 16.00 | 204.00 | 220.00 | OK | |
r-patched-linux-x86_64 | 1.2.4 | 15.47 | 199.15 | 214.62 | OK | |
r-release-linux-x86_64 | 1.2.4 | 14.50 | 197.40 | 211.90 | OK | |
r-release-macos-arm64 | 1.2.4 | 107.00 | OK | |||
r-release-macos-x86_64 | 1.2.4 | 214.00 | OK | |||
r-release-windows-x86_64 | 1.2.4 | 17.00 | 206.00 | 223.00 | OK | |
r-oldrel-macos-arm64 | 1.2.4 | 100.00 | OK | |||
r-oldrel-macos-x86_64 | 1.2.4 | 150.00 | OK | |||
r-oldrel-windows-x86_64 | 1.2.4 | 22.00 | 265.00 | 287.00 | OK |
Version: 1.2.4
Check: DESCRIPTION meta-information
Result: NOTE
Author field differs from that derived from Authors@R
Author: ‘Robrecht Cannoodt [aut, cre] (<https://orcid.org/0000-0003-3641-729X>, rcannood), Wouter Saelens [aut] (<https://orcid.org/0000-0002-7114-6248>, zouter)’
Authors@R: ‘Robrecht Cannoodt [aut, cre] (ORCID: <https://orcid.org/0000-0003-3641-729X>, github: rcannood), Wouter Saelens [aut] (ORCID: <https://orcid.org/0000-0002-7114-6248>, github: zouter)’
Flavors: r-devel-linux-x86_64-debian-clang, r-devel-linux-x86_64-debian-gcc