Last updated on 2025-07-16 00:49:40 CEST.
Flavor | Version | Tinstall | Tcheck | Ttotal | Status | Flags |
---|---|---|---|---|---|---|
r-devel-linux-x86_64-debian-clang | 0.4-7 | 34.06 | 86.16 | 120.22 | OK | |
r-devel-linux-x86_64-debian-gcc | 0.4-7 | 28.76 | 59.94 | 88.70 | OK | |
r-devel-linux-x86_64-fedora-clang | 0.4-7 | 184.92 | OK | |||
r-devel-linux-x86_64-fedora-gcc | 0.4-7 | 190.17 | OK | |||
r-devel-windows-x86_64 | 0.4-7 | 40.00 | 114.00 | 154.00 | OK | |
r-patched-linux-x86_64 | 0.4-7 | 38.66 | 78.99 | 117.65 | OK | |
r-release-linux-x86_64 | 0.4-7 | 36.94 | 78.43 | 115.37 | OK | |
r-release-macos-arm64 | 0.4-7 | 72.00 | OK | |||
r-release-macos-x86_64 | 0.4-7 | 115.00 | OK | |||
r-release-windows-x86_64 | 0.4-7 | 40.00 | 117.00 | 157.00 | OK | |
r-oldrel-macos-arm64 | 0.4-7 | 57.00 | NOTE | |||
r-oldrel-macos-x86_64 | 0.4-7 | 151.00 | NOTE | |||
r-oldrel-windows-x86_64 | 0.4-7 | 47.00 | 143.00 | 190.00 | OK |
Version: 0.4-7
Check: installed package size
Result: NOTE
installed size is 5.6Mb
sub-directories of 1Mb or more:
libs 5.4Mb
Flavors: r-oldrel-macos-arm64, r-oldrel-macos-x86_64