CRAN Package Check Results for Package duckduckr

Last updated on 2025-05-10 12:49:40 CEST.

Flavor Version Tinstall Tcheck Ttotal Status Flags
r-devel-linux-x86_64-debian-clang 1.0.0 1.57 20.28 21.85 OK
r-devel-linux-x86_64-debian-gcc 1.0.0 1.27 16.49 17.76 OK
r-devel-linux-x86_64-fedora-clang 1.0.0 31.99 OK
r-devel-linux-x86_64-fedora-gcc 1.0.0 32.37 OK
r-devel-windows-x86_64 1.0.0 2.00 45.00 47.00 OK
r-patched-linux-x86_64 1.0.0 1.68 18.13 19.81 OK
r-release-linux-x86_64 1.0.0 1.43 18.32 19.75 OK
r-release-macos-arm64 1.0.0 18.00 OK
r-release-macos-x86_64 1.0.0 25.00 OK
r-release-windows-x86_64 1.0.0 3.00 47.00 50.00 OK
r-oldrel-macos-arm64 1.0.0 16.00 NOTE
r-oldrel-macos-x86_64 1.0.0 26.00 NOTE
r-oldrel-windows-x86_64 1.0.0 3.00 46.00 49.00 NOTE

Check Details

Version: 1.0.0
Check: LazyData
Result: NOTE 'LazyData' is specified without a 'data' directory Flavors: r-oldrel-macos-arm64, r-oldrel-macos-x86_64, r-oldrel-windows-x86_64