CRAN Package Check Results for Package duawranglr

Last updated on 2025-07-22 09:50:31 CEST.

Flavor Version Tinstall Tcheck Ttotal Status Flags
r-devel-linux-x86_64-debian-clang 0.6.7 2.30 32.68 34.98 OK
r-devel-linux-x86_64-debian-gcc 0.6.7 1.76 25.90 27.66 OK
r-devel-linux-x86_64-fedora-clang 0.6.7 56.10 NOTE
r-devel-linux-x86_64-fedora-gcc 0.6.7 65.65 NOTE
r-devel-windows-x86_64 0.6.7 3.00 51.00 54.00 OK
r-patched-linux-x86_64 0.6.7 2.35 30.36 32.71 OK
r-release-linux-x86_64 0.6.7 2.31 30.69 33.00 OK
r-release-macos-arm64 0.6.7 36.00 OK
r-release-macos-x86_64 0.6.7 49.00 OK
r-release-windows-x86_64 0.6.7 4.00 57.00 61.00 OK
r-oldrel-macos-arm64 0.6.7 27.00 OK
r-oldrel-macos-x86_64 0.6.7 41.00 OK
r-oldrel-windows-x86_64 0.6.7 5.00 63.00 68.00 OK

Check Details

Version: 0.6.7
Check: dependencies in R code
Result: NOTE Namespaces in Imports field not imported from: ‘digest’ ‘dplyr’ All declared Imports should be used. Flavors: r-devel-linux-x86_64-fedora-clang, r-devel-linux-x86_64-fedora-gcc