Last updated on 2025-05-10 20:49:39 CEST.
Flavor | Version | Tinstall | Tcheck | Ttotal | Status | Flags |
---|---|---|---|---|---|---|
r-devel-linux-x86_64-debian-clang | 1.23-1 | 3.82 | 43.47 | 47.29 | NOTE | |
r-devel-linux-x86_64-debian-gcc | 1.23-1 | 2.59 | 33.14 | 35.73 | NOTE | |
r-devel-linux-x86_64-fedora-clang | 1.23-1 | 73.77 | OK | |||
r-devel-linux-x86_64-fedora-gcc | 1.23-1 | 86.43 | OK | |||
r-devel-windows-x86_64 | 1.23-1 | 7.00 | 86.00 | 93.00 | OK | |
r-patched-linux-x86_64 | 1.23-1 | 4.00 | 41.12 | 45.12 | OK | |
r-release-linux-x86_64 | 1.23-1 | 3.24 | 41.14 | 44.38 | OK | |
r-release-macos-arm64 | 1.23-1 | 40.00 | OK | |||
r-release-macos-x86_64 | 1.23-1 | 71.00 | OK | |||
r-release-windows-x86_64 | 1.23-1 | 8.00 | 88.00 | 96.00 | OK | |
r-oldrel-macos-arm64 | 1.23-1 | 44.00 | OK | |||
r-oldrel-macos-x86_64 | 1.23-1 | 51.00 | OK | |||
r-oldrel-windows-x86_64 | 1.23-1 | 8.00 | 90.00 | 98.00 | OK |
Version: 1.23-1
Check: CRAN incoming feasibility
Result: NOTE
Maintainer: ‘Toni Giorgino <toni.giorgino@gmail.com>’
Package CITATION file contains call(s) to old-style personList() or
as.personList(). Please use c() on person objects instead.
Flavors: r-devel-linux-x86_64-debian-clang, r-devel-linux-x86_64-debian-gcc