Last updated on 2025-07-28 12:50:02 CEST.
Flavor | Version | Tinstall | Tcheck | Ttotal | Status | Flags |
---|---|---|---|---|---|---|
r-devel-linux-x86_64-debian-clang | 0.4.1 | 11.71 | 160.91 | 172.62 | OK | |
r-devel-linux-x86_64-debian-gcc | 0.4.1 | 8.09 | 116.99 | 125.08 | OK | |
r-devel-linux-x86_64-fedora-clang | 0.4.1 | 267.96 | OK | |||
r-devel-linux-x86_64-fedora-gcc | 0.4.1 | 275.90 | OK | |||
r-devel-windows-x86_64 | 0.4.1 | 16.00 | 165.00 | 181.00 | OK | |
r-patched-linux-x86_64 | 0.4.1 | 11.25 | 149.33 | 160.58 | OK | |
r-release-linux-x86_64 | 0.4.1 | 11.72 | 150.95 | 162.67 | OK | |
r-release-macos-arm64 | 0.4.1 | 5.00 | ERROR | |||
r-release-macos-x86_64 | 0.4.1 | 7.00 | ERROR | |||
r-release-windows-x86_64 | 0.4.1 | 15.00 | 152.00 | 167.00 | OK | |
r-oldrel-macos-arm64 | 0.4.1 | 9.00 | ERROR | |||
r-oldrel-macos-x86_64 | 0.4.1 | 11.00 | ERROR | |||
r-oldrel-windows-x86_64 | 0.4.1 | 20.00 | 196.00 | 216.00 | NOTE |
Version: 0.4.1
Check: package dependencies
Result: ERROR
Packages required but not available:
'TxDb.Hsapiens.UCSC.hg19.knownGene',
'TxDb.Hsapiens.UCSC.hg38.knownGene', 'org.Hs.eg.db'
See section ‘The DESCRIPTION file’ in the ‘Writing R Extensions’
manual.
Flavor: r-release-macos-arm64
Version: 0.4.1
Check: package dependencies
Result: ERROR
Packages required but not available:
'TxDb.Hsapiens.UCSC.hg19.knownGene',
'TxDb.Hsapiens.UCSC.hg38.knownGene'
See section ‘The DESCRIPTION file’ in the ‘Writing R Extensions’
manual.
Flavors: r-release-macos-x86_64, r-oldrel-macos-arm64, r-oldrel-macos-x86_64
Version: 0.4.1
Check: installed package size
Result: NOTE
installed size is 5.3Mb
sub-directories of 1Mb or more:
data 1.6Mb
extdata 3.2Mb
Flavor: r-oldrel-windows-x86_64