Last updated on 2025-05-10 20:49:39 CEST.
Flavor | Version | Tinstall | Tcheck | Ttotal | Status | Flags |
---|---|---|---|---|---|---|
r-devel-linux-x86_64-debian-clang | 1.0.1 | 8.99 | 79.61 | 88.60 | NOTE | |
r-devel-linux-x86_64-debian-gcc | 1.0.1 | 4.40 | 53.97 | 58.37 | NOTE | |
r-devel-linux-x86_64-fedora-clang | 1.0.1 | 128.17 | NOTE | |||
r-devel-linux-x86_64-fedora-gcc | 1.0.1 | 129.56 | NOTE | |||
r-devel-windows-x86_64 | 1.0.1 | 12.00 | 142.00 | 154.00 | NOTE | |
r-patched-linux-x86_64 | 1.0.1 | 8.70 | 74.23 | 82.93 | NOTE | |
r-release-linux-x86_64 | 1.0.1 | 7.55 | 73.03 | 80.58 | NOTE | |
r-release-macos-arm64 | 1.0.1 | 64.00 | NOTE | |||
r-release-macos-x86_64 | 1.0.1 | 113.00 | NOTE | |||
r-release-windows-x86_64 | 1.0.1 | 11.00 | 141.00 | 152.00 | NOTE | |
r-oldrel-macos-arm64 | 1.0.1 | 59.00 | NOTE | |||
r-oldrel-macos-x86_64 | 1.0.1 | 91.00 | NOTE | |||
r-oldrel-windows-x86_64 | 1.0.1 | 15.00 | 180.00 | 195.00 | NOTE |
Version: 1.0.1
Check: package subdirectories
Result: NOTE
Problems with news in ‘NEWS.md’:
No news entries found.
Flavors: r-devel-linux-x86_64-debian-clang, r-devel-linux-x86_64-debian-gcc, r-devel-linux-x86_64-fedora-clang, r-devel-linux-x86_64-fedora-gcc, r-devel-windows-x86_64, r-patched-linux-x86_64, r-release-linux-x86_64, r-release-macos-arm64, r-release-macos-x86_64, r-release-windows-x86_64, r-oldrel-macos-arm64, r-oldrel-macos-x86_64, r-oldrel-windows-x86_64