Last updated on 2025-05-10 20:49:38 CEST.
Flavor | Version | Tinstall | Tcheck | Ttotal | Status | Flags |
---|---|---|---|---|---|---|
r-devel-linux-x86_64-debian-clang | 2.0.0 | 11.23 | 120.70 | 131.93 | NOTE | |
r-devel-linux-x86_64-debian-gcc | 2.0.0 | 8.04 | 84.70 | 92.74 | NOTE | |
r-devel-linux-x86_64-fedora-clang | 2.0.0 | 193.15 | NOTE | |||
r-devel-linux-x86_64-fedora-gcc | 2.0.0 | 223.32 | NOTE | |||
r-devel-windows-x86_64 | 2.0.0 | 13.00 | 124.00 | 137.00 | NOTE | |
r-patched-linux-x86_64 | 2.0.0 | 10.83 | 112.83 | 123.66 | NOTE | |
r-release-linux-x86_64 | 2.0.0 | 11.34 | 112.65 | 123.99 | NOTE | |
r-release-macos-arm64 | 2.0.0 | 71.00 | NOTE | |||
r-release-macos-x86_64 | 2.0.0 | 116.00 | NOTE | |||
r-release-windows-x86_64 | 2.0.0 | 11.00 | 123.00 | 134.00 | NOTE | |
r-oldrel-macos-arm64 | 2.0.0 | 57.00 | NOTE | |||
r-oldrel-macos-x86_64 | 2.0.0 | 92.00 | NOTE | |||
r-oldrel-windows-x86_64 | 2.0.0 | 17.00 | 153.00 | 170.00 | NOTE |
Version: 2.0.0
Check: Rd files
Result: NOTE
checkRd: (-1) confint.dr4pl.Rd:49: Escaped LaTeX specials: \&
checkRd: (-1) gof-dr4pl.Rd:40: Escaped LaTeX specials: \&
checkRd: (-1) vcov.dr4pl.Rd:61: Escaped LaTeX specials: \&
Flavors: r-devel-linux-x86_64-debian-clang, r-devel-linux-x86_64-debian-gcc, r-devel-linux-x86_64-fedora-clang, r-devel-linux-x86_64-fedora-gcc, r-devel-windows-x86_64, r-patched-linux-x86_64, r-release-linux-x86_64, r-release-macos-arm64, r-release-macos-x86_64, r-release-windows-x86_64, r-oldrel-macos-arm64, r-oldrel-macos-x86_64, r-oldrel-windows-x86_64