CRAN Package Check Results for Package doconv

Last updated on 2025-05-10 12:49:40 CEST.

Flavor Version Tinstall Tcheck Ttotal Status Flags
r-devel-linux-x86_64-debian-clang 0.3.2 3.24 30.29 33.53 NOTE
r-devel-linux-x86_64-debian-gcc 0.3.2 2.28 23.31 25.59 NOTE
r-devel-linux-x86_64-fedora-clang 0.3.2 52.54 OK
r-devel-linux-x86_64-fedora-gcc 0.3.2 47.15 OK
r-devel-windows-x86_64 0.3.2 4.00 54.00 58.00 NOTE
r-patched-linux-x86_64 0.3.2 3.16 27.86 31.02 NOTE
r-release-linux-x86_64 0.3.2 2.80 27.39 30.19 NOTE
r-release-macos-arm64 0.3.2 23.00 OK
r-release-macos-x86_64 0.3.2 37.00 OK
r-release-windows-x86_64 0.3.2 5.00 56.00 61.00 NOTE
r-oldrel-macos-arm64 0.3.2 20.00 OK
r-oldrel-macos-x86_64 0.3.2 30.00 OK
r-oldrel-windows-x86_64 0.3.2 6.00 59.00 65.00 OK

Check Details

Version: 0.3.2
Check: Rd cross-references
Result: NOTE Found the following Rd file(s) with Rd \link{} targets missing package anchors: to_miniature.Rd: image_border, pdf_convert, image_read Please provide package anchors for all Rd \link{} targets not in the package itself and the base packages. Flavors: r-devel-linux-x86_64-debian-clang, r-devel-linux-x86_64-debian-gcc, r-devel-windows-x86_64, r-patched-linux-x86_64, r-release-linux-x86_64, r-release-windows-x86_64