CRAN Package Check Results for Package dobson

Last updated on 2025-05-10 16:52:14 CEST.

Flavor Version Tinstall Tcheck Ttotal Status Flags
r-devel-linux-x86_64-debian-clang 0.4 1.86 22.01 23.87 NOTE
r-devel-linux-x86_64-debian-gcc 0.4 1.61 17.21 18.82 NOTE
r-devel-linux-x86_64-fedora-clang 0.4 36.32 NOTE
r-devel-linux-x86_64-fedora-gcc 0.4 35.94 NOTE
r-devel-windows-x86_64 0.4 4.00 54.00 58.00 NOTE
r-patched-linux-x86_64 0.4 2.51 20.54 23.05 NOTE
r-release-linux-x86_64 0.4 1.88 20.79 22.67 NOTE
r-release-macos-arm64 0.4 19.00 NOTE
r-release-macos-x86_64 0.4 33.00 NOTE
r-release-windows-x86_64 0.4 4.00 58.00 62.00 NOTE
r-oldrel-macos-arm64 0.4 18.00 NOTE
r-oldrel-macos-x86_64 0.4 25.00 NOTE
r-oldrel-windows-x86_64 0.4 5.00 52.00 57.00 NOTE

Check Details

Version: 0.4
Check: Rd files
Result: NOTE checkRd: (-1) beetle.Rd:13: Lost braces; missing escapes or markup? 13 | \item{\code{x}}{dose (log base 10 CS2mgl^{-1})} | ^ Flavors: r-devel-linux-x86_64-debian-clang, r-devel-linux-x86_64-debian-gcc, r-devel-linux-x86_64-fedora-clang, r-devel-linux-x86_64-fedora-gcc, r-devel-windows-x86_64, r-patched-linux-x86_64, r-release-linux-x86_64, r-release-macos-arm64, r-release-macos-x86_64, r-release-windows-x86_64, r-oldrel-macos-arm64, r-oldrel-macos-x86_64, r-oldrel-windows-x86_64