Last updated on 2025-05-10 12:49:40 CEST.
Flavor | Version | Tinstall | Tcheck | Ttotal | Status | Flags |
---|---|---|---|---|---|---|
r-devel-linux-x86_64-debian-clang | 0.2.6 | 3.53 | 48.97 | 52.50 | OK | |
r-devel-linux-x86_64-debian-gcc | 0.2.6 | 2.49 | 36.50 | 38.99 | OK | |
r-devel-linux-x86_64-fedora-clang | 0.2.6 | 82.79 | OK | |||
r-devel-linux-x86_64-fedora-gcc | 0.2.6 | 95.05 | OK | |||
r-devel-windows-x86_64 | 0.2.6 | 5.00 | 71.00 | 76.00 | OK | |
r-patched-linux-x86_64 | 0.2.6 | 3.66 | 46.19 | 49.85 | OK | |
r-release-linux-x86_64 | 0.2.6 | 3.31 | 46.04 | 49.35 | OK | |
r-release-macos-arm64 | 0.2.6 | 38.00 | OK | |||
r-release-macos-x86_64 | 0.2.6 | 88.00 | OK | |||
r-release-windows-x86_64 | 0.2.6 | 5.00 | 70.00 | 75.00 | OK | |
r-oldrel-macos-arm64 | 0.2.6 | 38.00 | NOTE | |||
r-oldrel-macos-x86_64 | 0.2.6 | 70.00 | NOTE | |||
r-oldrel-windows-x86_64 | 0.2.6 | 7.00 | 82.00 | 89.00 | NOTE |
Version: 0.2.6
Check: LazyData
Result: NOTE
'LazyData' is specified without a 'data' directory
Flavors: r-oldrel-macos-arm64, r-oldrel-macos-x86_64, r-oldrel-windows-x86_64