CRAN Package Check Results for Package distops

Last updated on 2025-07-28 08:50:34 CEST.

Flavor Version Tinstall Tcheck Ttotal Status Flags
r-devel-linux-x86_64-debian-clang 0.1.0 17.25 26.66 43.91 NOTE
r-devel-linux-x86_64-debian-gcc 0.1.0 12.62 21.69 34.31 NOTE
r-devel-linux-x86_64-fedora-clang 0.1.0 75.40 NOTE
r-devel-linux-x86_64-fedora-gcc 0.1.0 70.16 NOTE
r-devel-windows-x86_64 0.1.0 29.00 64.00 93.00 NOTE
r-patched-linux-x86_64 0.1.0 17.37 24.30 41.67 NOTE
r-release-linux-x86_64 0.1.0 15.60 23.92 39.52 NOTE
r-release-macos-arm64 0.1.0 29.00 NOTE
r-release-macos-x86_64 0.1.0 41.00 NOTE
r-release-windows-x86_64 0.1.0 28.00 62.00 90.00 NOTE
r-oldrel-macos-arm64 0.1.0 22.00 NOTE
r-oldrel-macos-x86_64 0.1.0 33.00 NOTE
r-oldrel-windows-x86_64 0.1.0 32.00 72.00 104.00 NOTE

Check Details

Version: 0.1.0
Check: DESCRIPTION meta-information
Result: NOTE Missing dependency on R >= 4.1.0 because package code uses the pipe |> or function shorthand \(...) syntax added in R 4.1.0. File(s) using such syntax: ‘dev_package.R’ Flavors: r-devel-linux-x86_64-debian-clang, r-devel-linux-x86_64-debian-gcc, r-devel-linux-x86_64-fedora-clang, r-devel-linux-x86_64-fedora-gcc, r-devel-windows-x86_64, r-patched-linux-x86_64, r-release-linux-x86_64, r-release-macos-arm64, r-release-macos-x86_64, r-release-windows-x86_64

Version: 0.1.0
Check: for GNU extensions in Makefiles
Result: NOTE GNU make is a SystemRequirements. Flavors: r-oldrel-macos-arm64, r-oldrel-macos-x86_64, r-oldrel-windows-x86_64