CRAN Package Check Results for Package distTails

Last updated on 2025-05-10 12:49:40 CEST.

Flavor Version Tinstall Tcheck Ttotal Status Flags
r-devel-linux-x86_64-debian-clang 0.1.2 1.60 18.46 20.06 OK
r-devel-linux-x86_64-debian-gcc 0.1.2 1.59 14.46 16.05 OK
r-devel-linux-x86_64-fedora-clang 0.1.2 31.48 OK
r-devel-linux-x86_64-fedora-gcc 0.1.2 30.06 OK
r-devel-windows-x86_64 0.1.2 3.00 41.00 44.00 OK
r-patched-linux-x86_64 0.1.2 2.05 17.68 19.73 OK
r-release-linux-x86_64 0.1.2 1.88 17.66 19.54 OK
r-release-macos-arm64 0.1.2 16.00 OK
r-release-macos-x86_64 0.1.2 23.00 OK
r-release-windows-x86_64 0.1.2 3.00 43.00 46.00 OK
r-oldrel-macos-arm64 0.1.2 15.00 NOTE
r-oldrel-macos-x86_64 0.1.2 20.00 NOTE
r-oldrel-windows-x86_64 0.1.2 2.00 44.00 46.00 NOTE

Check Details

Version: 0.1.2
Check: LazyData
Result: NOTE 'LazyData' is specified without a 'data' directory Flavors: r-oldrel-macos-arm64, r-oldrel-macos-x86_64, r-oldrel-windows-x86_64