CRAN Package Check Results for Package discretefit

Last updated on 2025-05-10 16:52:14 CEST.

Flavor Version Tinstall Tcheck Ttotal Status Flags
r-devel-linux-x86_64-debian-clang 0.1.2 16.26 38.11 54.37 NOTE
r-devel-linux-x86_64-debian-gcc 0.1.2 12.75 28.36 41.11 NOTE
r-devel-linux-x86_64-fedora-clang 0.1.2 104.46 NOTE
r-devel-linux-x86_64-fedora-gcc 0.1.2 110.77 NOTE
r-devel-windows-x86_64 0.1.2 20.00 74.00 94.00 NOTE
r-patched-linux-x86_64 0.1.2 17.00 35.52 52.52 NOTE
r-release-linux-x86_64 0.1.2 16.73 35.60 52.33 NOTE
r-release-macos-arm64 0.1.2 35.00 NOTE
r-release-macos-x86_64 0.1.2 60.00 NOTE
r-release-windows-x86_64 0.1.2 21.00 72.00 93.00 NOTE
r-oldrel-macos-arm64 0.1.2 35.00 NOTE
r-oldrel-macos-x86_64 0.1.2 49.00 NOTE
r-oldrel-windows-x86_64 0.1.2 21.00 86.00 107.00 NOTE

Check Details

Version: 0.1.2
Check: C++ specification
Result: NOTE Specified C++11: please drop specification unless essential Flavors: r-devel-linux-x86_64-debian-clang, r-devel-linux-x86_64-debian-gcc, r-devel-linux-x86_64-fedora-clang, r-devel-linux-x86_64-fedora-gcc, r-devel-windows-x86_64, r-patched-linux-x86_64, r-release-linux-x86_64, r-release-macos-arm64, r-release-macos-x86_64, r-release-windows-x86_64, r-oldrel-macos-arm64, r-oldrel-macos-x86_64, r-oldrel-windows-x86_64