Last updated on 2025-05-10 16:52:14 CEST.
Flavor | Version | Tinstall | Tcheck | Ttotal | Status | Flags |
---|---|---|---|---|---|---|
r-devel-linux-x86_64-debian-clang | 0.3.1 | 45.28 | 78.35 | 123.63 | NOTE | |
r-devel-linux-x86_64-debian-gcc | 0.3.1 | 31.31 | 58.93 | 90.24 | NOTE | |
r-devel-linux-x86_64-fedora-clang | 0.3.1 | 216.15 | NOTE | |||
r-devel-linux-x86_64-fedora-gcc | 0.3.1 | 233.88 | NOTE | |||
r-devel-windows-x86_64 | 0.3.1 | 64.00 | 134.00 | 198.00 | NOTE | |
r-patched-linux-x86_64 | 0.3.1 | 47.87 | 74.56 | 122.43 | NOTE | |
r-release-linux-x86_64 | 0.3.1 | 45.84 | 75.25 | 121.09 | NOTE | |
r-release-macos-arm64 | 0.3.1 | 68.00 | NOTE | |||
r-release-macos-x86_64 | 0.3.1 | 112.00 | NOTE | |||
r-release-windows-x86_64 | 0.3.1 | 64.00 | 132.00 | 196.00 | NOTE | |
r-oldrel-macos-arm64 | 0.3.1 | 69.00 | OK | |||
r-oldrel-macos-x86_64 | 0.3.1 | 114.00 | OK | |||
r-oldrel-windows-x86_64 | 0.3.1 | 75.00 | 157.00 | 232.00 | OK |
Version: 0.3.1
Check: compiled code
Result: NOTE
File ‘dipsaus/libs/dipsaus.so’:
Found non-API calls to R: ‘CLOENV’, ‘ENCLOS’
Compiled code should not call non-API entry points in R.
See ‘Writing portable packages’ in the ‘Writing R Extensions’ manual,
and section ‘Moving into C API compliance’ for issues with the use of
non-API entry points.
Flavors: r-devel-linux-x86_64-debian-clang, r-devel-linux-x86_64-debian-gcc, r-devel-linux-x86_64-fedora-clang, r-devel-linux-x86_64-fedora-gcc, r-patched-linux-x86_64, r-release-linux-x86_64, r-release-macos-arm64, r-release-macos-x86_64
Version: 0.3.1
Check: compiled code
Result: NOTE
File 'dipsaus/libs/x64/dipsaus.dll':
Found non-API calls to R: 'CLOENV', 'ENCLOS'
Compiled code should not call non-API entry points in R.
See 'Writing portable packages' in the 'Writing R Extensions' manual,
and section 'Moving into C API compliance' for issues with the use of
non-API entry points.
Flavors: r-devel-windows-x86_64, r-release-windows-x86_64