Last updated on 2025-07-16 13:48:25 CEST.
Flavor | Version | Tinstall | Tcheck | Ttotal | Status | Flags |
---|---|---|---|---|---|---|
r-devel-linux-x86_64-debian-clang | 0.0-8 | 29.66 | 261.62 | 291.28 | NOTE | |
r-devel-linux-x86_64-debian-gcc | 0.0-8 | 20.28 | 165.18 | 185.46 | NOTE | |
r-devel-linux-x86_64-fedora-clang | 0.0-8 | 462.38 | OK | |||
r-devel-linux-x86_64-fedora-gcc | 0.0-8 | 432.86 | OK | |||
r-devel-windows-x86_64 | 0.0-8 | 29.00 | 199.00 | 228.00 | OK | |
r-patched-linux-x86_64 | 0.0-8 | 31.77 | 248.78 | 280.55 | OK | |
r-release-linux-x86_64 | 0.0-8 | 30.26 | 242.98 | 273.24 | OK | |
r-release-macos-arm64 | 0.0-8 | 94.00 | OK | |||
r-release-macos-x86_64 | 0.0-8 | 225.00 | OK | |||
r-release-windows-x86_64 | 0.0-8 | 27.00 | 208.00 | 235.00 | OK | |
r-oldrel-macos-arm64 | 0.0-8 | 94.00 | OK | |||
r-oldrel-macos-x86_64 | 0.0-8 | 154.00 | OK | |||
r-oldrel-windows-x86_64 | 0.0-8 | 37.00 | 278.00 | 315.00 | OK |
Version: 0.0-8
Check: CRAN incoming feasibility
Result: NOTE
Maintainer: ‘Ali Santacruz <amsantac@unal.edu.co>’
No Authors@R field in DESCRIPTION.
Please add one, modifying
Authors@R: c(person(given = c("Robert", "Gilmore"),
family = "Pontius Jr.",
role = "aut",
email = "rpontius@clarku.edu"),
person(given = "Ali",
family = "Santacruz",
role = c("aut", "cre"),
email = "amsantac@unal.edu.co"))
as necessary.
Flavors: r-devel-linux-x86_64-debian-clang, r-devel-linux-x86_64-debian-gcc