CRAN Package Check Results for Package dictionaRy

Last updated on 2025-05-10 20:49:38 CEST.

Flavor Version Tinstall Tcheck Ttotal Status Flags
r-devel-linux-x86_64-debian-clang 0.1.1 3.77 30.37 34.14 NOTE
r-devel-linux-x86_64-debian-gcc 0.1.1 2.49 22.89 25.38 NOTE
r-devel-linux-x86_64-fedora-clang 0.1.1 50.93 NOTE
r-devel-linux-x86_64-fedora-gcc 0.1.1 48.16 NOTE
r-devel-windows-x86_64 0.1.1 5.00 47.00 52.00 NOTE
r-patched-linux-x86_64 0.1.1 2.88 27.79 30.67 NOTE
r-release-linux-x86_64 0.1.1 3.41 27.91 31.32 NOTE
r-release-macos-arm64 0.1.1 21.00 NOTE
r-release-macos-x86_64 0.1.1 36.00 NOTE
r-release-windows-x86_64 0.1.1 4.00 49.00 53.00 NOTE
r-oldrel-macos-arm64 0.1.1 20.00 NOTE
r-oldrel-macos-x86_64 0.1.1 28.00 NOTE
r-oldrel-windows-x86_64 0.1.1 6.00 53.00 59.00 NOTE

Check Details

Version: 0.1.1
Check: Rd files
Result: NOTE checkRd: (-1) define.Rd:16: Lost braces in \itemize; \value handles \item{}{} directly checkRd: (-1) define.Rd:17-18: Lost braces in \itemize; \value handles \item{}{} directly checkRd: (-1) define.Rd:19: Lost braces in \itemize; \value handles \item{}{} directly checkRd: (-1) define.Rd:20: Lost braces in \itemize; \value handles \item{}{} directly checkRd: (-1) define.Rd:21-22: Lost braces in \itemize; \value handles \item{}{} directly checkRd: (-1) define.Rd:23-24: Lost braces in \itemize; \value handles \item{}{} directly checkRd: (-1) define.Rd:25: Lost braces in \itemize; \value handles \item{}{} directly checkRd: (-1) define.Rd:26: Lost braces in \itemize; \value handles \item{}{} directly checkRd: (-1) define.Rd:27: Lost braces in \itemize; \value handles \item{}{} directly checkRd: (-1) define.Rd:28: Lost braces in \itemize; \value handles \item{}{} directly checkRd: (-1) define.Rd:29: Lost braces in \itemize; \value handles \item{}{} directly Flavors: r-devel-linux-x86_64-debian-clang, r-devel-linux-x86_64-debian-gcc, r-devel-linux-x86_64-fedora-clang, r-devel-linux-x86_64-fedora-gcc, r-devel-windows-x86_64, r-patched-linux-x86_64, r-release-linux-x86_64, r-release-macos-arm64, r-release-macos-x86_64, r-release-windows-x86_64, r-oldrel-macos-arm64, r-oldrel-macos-x86_64, r-oldrel-windows-x86_64