Last updated on 2025-05-10 16:52:14 CEST.
Flavor | Version | Tinstall | Tcheck | Ttotal | Status | Flags |
---|---|---|---|---|---|---|
r-devel-linux-x86_64-debian-clang | 2.1.7 | 28.89 | 82.02 | 110.91 | NOTE | |
r-devel-linux-x86_64-debian-gcc | 2.1.7 | 17.67 | 56.21 | 73.88 | NOTE | |
r-devel-linux-x86_64-fedora-clang | 2.1.7 | 164.26 | NOTE | |||
r-devel-linux-x86_64-fedora-gcc | 2.1.7 | 167.84 | NOTE | |||
r-devel-windows-x86_64 | 2.1.7 | 35.00 | 105.00 | 140.00 | NOTE | |
r-patched-linux-x86_64 | 2.1.7 | 25.26 | 76.89 | 102.15 | NOTE | |
r-release-linux-x86_64 | 2.1.7 | 26.49 | 75.42 | 101.91 | NOTE | |
r-release-macos-arm64 | 2.1.7 | 62.00 | NOTE | |||
r-release-macos-x86_64 | 2.1.7 | 140.00 | NOTE | |||
r-release-windows-x86_64 | 2.1.7 | 34.00 | 107.00 | 141.00 | NOTE | |
r-oldrel-macos-arm64 | 2.1.7 | 55.00 | NOTE | |||
r-oldrel-macos-x86_64 | 2.1.7 | 102.00 | NOTE | |||
r-oldrel-windows-x86_64 | 2.1.7 | 40.00 | 122.00 | 162.00 | NOTE |
Version: 2.1.7
Check: Rd files
Result: NOTE
checkRd: (-1) AIC.dglars.Rd:47: Lost braces
47 | \item{comp}{the measures of model complexity used to compute the measure of goodness-of-fit. It is equal to \code{npar} when code{complexity = "df"};}
| ^
checkRd: (-1) dglars.Rd:258: Lost braces
258 | \item{\code{7}}{maximum number of solution points ('code{np}') reached.}
| ^
Flavors: r-devel-linux-x86_64-debian-clang, r-devel-linux-x86_64-debian-gcc, r-devel-linux-x86_64-fedora-clang, r-devel-linux-x86_64-fedora-gcc, r-devel-windows-x86_64, r-patched-linux-x86_64, r-release-linux-x86_64, r-release-macos-arm64, r-release-macos-x86_64, r-release-windows-x86_64, r-oldrel-macos-arm64, r-oldrel-macos-x86_64, r-oldrel-windows-x86_64