Last updated on 2025-05-10 16:52:14 CEST.
Flavor | Version | Tinstall | Tcheck | Ttotal | Status | Flags |
---|---|---|---|---|---|---|
r-devel-linux-x86_64-debian-clang | 0.3.6 | 2.46 | 42.27 | 44.73 | NOTE | |
r-devel-linux-x86_64-debian-gcc | 0.3.6 | 1.78 | 30.34 | 32.12 | NOTE | |
r-devel-linux-x86_64-fedora-clang | 0.3.6 | 70.42 | OK | |||
r-devel-linux-x86_64-fedora-gcc | 0.3.6 | 80.74 | OK | |||
r-devel-windows-x86_64 | 0.3.6 | 3.00 | 59.00 | 62.00 | OK | |
r-patched-linux-x86_64 | 0.3.6 | 2.37 | 39.76 | 42.13 | OK | |
r-release-linux-x86_64 | 0.3.6 | 2.27 | 39.50 | 41.77 | OK | |
r-release-macos-arm64 | 0.3.6 | 29.00 | OK | |||
r-release-macos-x86_64 | 0.3.6 | 56.00 | OK | |||
r-release-windows-x86_64 | 0.3.6 | 3.00 | 66.00 | 69.00 | OK | |
r-oldrel-macos-arm64 | 0.3.6 | 28.00 | OK | |||
r-oldrel-macos-x86_64 | 0.3.6 | 44.00 | OK | |||
r-oldrel-windows-x86_64 | 0.3.6 | 3.00 | 67.00 | 70.00 | OK |
Version: 0.3.6
Check: CRAN incoming feasibility
Result: NOTE
Maintainer: ‘Shipei Zeng <shipei.zeng@unswalumni.com>’
No Authors@R field in DESCRIPTION.
Please add one, modifying
Authors@R: person(given = "Shipei",
family = "Zeng",
role = c("aut", "cre"),
email = "shipei.zeng@unswalumni.com")
as necessary.
Flavors: r-devel-linux-x86_64-debian-clang, r-devel-linux-x86_64-debian-gcc