Last updated on 2025-05-10 16:52:14 CEST.
Flavor | Version | Tinstall | Tcheck | Ttotal | Status | Flags |
---|---|---|---|---|---|---|
r-devel-linux-x86_64-debian-clang | 0.2-2.1 | 4.48 | 30.39 | 34.87 | NOTE | |
r-devel-linux-x86_64-debian-gcc | 0.2-2.1 | 2.85 | 22.46 | 25.31 | NOTE | |
r-devel-linux-x86_64-fedora-clang | 0.2-2.1 | 54.29 | OK | |||
r-devel-linux-x86_64-fedora-gcc | 0.2-2.1 | 51.99 | OK | |||
r-devel-windows-x86_64 | 0.2-2.1 | 6.00 | 52.00 | 58.00 | OK | |
r-patched-linux-x86_64 | 0.2-2.1 | 4.61 | 28.99 | 33.60 | OK | |
r-release-linux-x86_64 | 0.2-2.1 | 3.64 | 28.83 | 32.47 | OK | |
r-release-macos-arm64 | 0.2-2.1 | 19.00 | OK | |||
r-release-macos-x86_64 | 0.2-2.1 | 34.00 | OK | |||
r-release-windows-x86_64 | 0.2-2.1 | 5.00 | 55.00 | 60.00 | OK | |
r-oldrel-macos-arm64 | 0.2-2.1 | 23.00 | OK | |||
r-oldrel-macos-x86_64 | 0.2-2.1 | 32.00 | OK | |||
r-oldrel-windows-x86_64 | 0.2-2.1 | 5.00 | 55.00 | 60.00 | OK |
Version: 0.2-2.1
Check: CRAN incoming feasibility
Result: NOTE
Maintainer: ‘Jimmy Duong <jkd2108@columbia.edu>’
No Authors@R field in DESCRIPTION.
Please add one, modifying
Authors@R: c(person(given = "Ken",
family = "Cheung",
role = "aut",
email = "yc632@columbia.edu"),
person(given = "Jimmy",
family = "Duong",
role = "cre",
email = "jkd2108@columbia.edu"))
as necessary.
Flavors: r-devel-linux-x86_64-debian-clang, r-devel-linux-x86_64-debian-gcc