CRAN Package Check Results for Package desla

Last updated on 2025-07-21 20:49:59 CEST.

Flavor Version Tinstall Tcheck Ttotal Status Flags
r-devel-linux-x86_64-debian-clang 0.3.0 39.45 31.09 70.54 NOTE
r-devel-linux-x86_64-debian-gcc 0.3.0 30.50 24.62 55.12 NOTE
r-devel-linux-x86_64-fedora-clang 0.3.0 116.98 OK
r-devel-linux-x86_64-fedora-gcc 0.3.0 125.36 OK
r-devel-windows-x86_64 0.3.0 46.00 66.00 112.00 OK
r-patched-linux-x86_64 0.3.0 41.80 28.56 70.36 OK
r-release-linux-x86_64 0.3.0 41.15 28.77 69.92 OK
r-release-macos-arm64 0.3.0 39.00 OK
r-release-macos-x86_64 0.3.0 82.00 OK
r-release-windows-x86_64 0.3.0 43.00 69.00 112.00 OK
r-oldrel-macos-arm64 0.3.0 36.00 NOTE
r-oldrel-macos-x86_64 0.3.0 83.00 NOTE
r-oldrel-windows-x86_64 0.3.0 54.00 81.00 135.00 OK

Check Details

Version: 0.3.0
Check: CRAN incoming feasibility
Result: NOTE Maintainer: ‘Robert Adamek <robertadamek94@gmail.com>’ The Description field contains covariance estimator in Adamek et al. (2020) <arXiv:2007.10952>. Also as described in Adamek et al. (2022) <arXiv:2209.03218>. Please refer to arXiv e-prints via their arXiv DOI <doi:10.48550/arXiv.YYMM.NNNNN>. Flavors: r-devel-linux-x86_64-debian-clang, r-devel-linux-x86_64-debian-gcc

Version: 0.3.0
Check: installed package size
Result: NOTE installed size is 5.8Mb sub-directories of 1Mb or more: libs 5.7Mb Flavors: r-oldrel-macos-arm64, r-oldrel-macos-x86_64