Last updated on 2025-05-10 08:50:35 CEST.
Flavor | Version | Tinstall | Tcheck | Ttotal | Status | Flags |
---|---|---|---|---|---|---|
r-devel-linux-x86_64-debian-clang | 1.2.13 | 30.40 | 240.49 | 270.89 | NOTE | |
r-devel-linux-x86_64-debian-gcc | 1.2.13 | 19.39 | 162.42 | 181.81 | NOTE | |
r-devel-linux-x86_64-fedora-clang | 1.2.13 | 408.03 | OK | |||
r-devel-linux-x86_64-fedora-gcc | 1.2.13 | 416.84 | OK | |||
r-devel-windows-x86_64 | 1.2.13 | 32.00 | 179.00 | 211.00 | OK | --no-vignettes |
r-patched-linux-x86_64 | 1.2.13 | 33.80 | 227.67 | 261.47 | OK | |
r-release-linux-x86_64 | 1.2.13 | 28.56 | 228.07 | 256.63 | OK | |
r-release-macos-arm64 | 1.2.13 | 106.00 | OK | |||
r-release-macos-x86_64 | 1.2.13 | 237.00 | OK | |||
r-release-windows-x86_64 | 1.2.13 | 34.00 | 187.00 | 221.00 | OK | --no-vignettes |
r-oldrel-macos-arm64 | 1.2.13 | 112.00 | OK | |||
r-oldrel-macos-x86_64 | 1.2.13 | 157.00 | OK | |||
r-oldrel-windows-x86_64 | 1.2.13 | 46.00 | 222.00 | 268.00 | OK | --no-vignettes |
Version: 1.2.13
Check: CRAN incoming feasibility
Result: NOTE
Maintainer: ‘Jernej Jevsenak <jernej.jevsenak@gmail.com>’
No Authors@R field in DESCRIPTION.
Please add one, modifying
Authors@R: person(given = "Jernej",
family = "Jevsenak",
role = c("aut", "cre"),
email = "jernej.jevsenak@gmail.com")
as necessary.
Flavors: r-devel-linux-x86_64-debian-clang, r-devel-linux-x86_64-debian-gcc