Last updated on 2025-07-28 20:49:09 CEST.
Flavor | Version | Tinstall | Tcheck | Ttotal | Status | Flags |
---|---|---|---|---|---|---|
r-devel-linux-x86_64-debian-clang | 0.4.4 | 3.46 | 341.09 | 344.55 | NOTE | |
r-devel-linux-x86_64-debian-gcc | 0.4.4 | 3.04 | 202.53 | 205.57 | NOTE | |
r-devel-linux-x86_64-fedora-clang | 0.4.4 | 561.22 | OK | |||
r-devel-linux-x86_64-fedora-gcc | 0.4.4 | 545.85 | OK | |||
r-devel-windows-x86_64 | 0.4.4 | 6.00 | 208.00 | 214.00 | OK | --no-vignettes |
r-patched-linux-x86_64 | 0.4.4 | 4.27 | 323.56 | 327.83 | OK | |
r-release-linux-x86_64 | 0.4.4 | 3.82 | 320.26 | 324.08 | OK | |
r-release-macos-arm64 | 0.4.4 | 137.00 | OK | |||
r-release-macos-x86_64 | 0.4.4 | 345.00 | OK | |||
r-release-windows-x86_64 | 0.4.4 | 5.00 | 199.00 | 204.00 | OK | --no-vignettes |
r-oldrel-macos-arm64 | 0.4.4 | 121.00 | OK | |||
r-oldrel-macos-x86_64 | 0.4.4 | 251.00 | OK | |||
r-oldrel-windows-x86_64 | 0.4.4 | 7.00 | 250.00 | 257.00 | OK | --no-vignettes |
Version: 0.4.4
Check: CRAN incoming feasibility
Result: NOTE
Maintainer: ‘Philipp H Boersch-Supan <pboesu@gmail.com>’
Package CITATION file contains call(s) to old-style personList() or
as.personList(). Please use c() on person objects instead.
Package CITATION file contains call(s) to old-style citEntry(). Please
use bibentry() instead.
Flavors: r-devel-linux-x86_64-debian-clang, r-devel-linux-x86_64-debian-gcc