Last updated on 2025-05-10 12:49:39 CEST.
Flavor | Version | Tinstall | Tcheck | Ttotal | Status | Flags |
---|---|---|---|---|---|---|
r-devel-linux-x86_64-debian-clang | 0.1.6 | 48.97 | 47.25 | 96.22 | NOTE | |
r-devel-linux-x86_64-debian-gcc | 0.1.6 | 32.09 | 33.19 | 65.28 | NOTE | |
r-devel-linux-x86_64-fedora-clang | 0.1.6 | 168.96 | NOTE | |||
r-devel-linux-x86_64-fedora-gcc | 0.1.6 | 169.97 | NOTE | |||
r-devel-windows-x86_64 | 0.1.6 | 55.00 | 83.00 | 138.00 | NOTE | |
r-patched-linux-x86_64 | 0.1.6 | 45.29 | 45.06 | 90.35 | NOTE | |
r-release-linux-x86_64 | 0.1.6 | 41.83 | 44.46 | 86.29 | NOTE | |
r-release-macos-arm64 | 0.1.6 | 39.00 | NOTE | |||
r-release-macos-x86_64 | 0.1.6 | 62.00 | NOTE | |||
r-release-windows-x86_64 | 0.1.6 | 54.00 | 81.00 | 135.00 | NOTE | |
r-oldrel-macos-arm64 | 0.1.6 | 39.00 | NOTE | |||
r-oldrel-macos-x86_64 | 0.1.6 | 53.00 | NOTE | |||
r-oldrel-windows-x86_64 | 0.1.6 | 63.00 | 96.00 | 159.00 | NOTE |
Version: 0.1.6
Check: CRAN incoming feasibility
Result: NOTE
Maintainer: ‘Dominic Edelmann <dominic.edelmann@dkfz-heidelberg.de>’
The Description field contains
<arXiv:1808.07280>. Distance standard deviation methods (Edelmann, et
Please refer to arXiv e-prints via their arXiv DOI <doi:10.48550/arXiv.YYMM.NNNNN>.
Flavors: r-devel-linux-x86_64-debian-clang, r-devel-linux-x86_64-debian-gcc
Version: 0.1.6
Check: C++ specification
Result: NOTE
Specified C++11: please drop specification unless essential
Flavors: r-devel-linux-x86_64-debian-clang, r-devel-linux-x86_64-debian-gcc, r-devel-linux-x86_64-fedora-clang, r-devel-linux-x86_64-fedora-gcc, r-devel-windows-x86_64, r-patched-linux-x86_64, r-release-linux-x86_64, r-release-macos-arm64, r-release-macos-x86_64, r-release-windows-x86_64, r-oldrel-macos-arm64, r-oldrel-macos-x86_64, r-oldrel-windows-x86_64