Last updated on 2025-05-10 16:52:14 CEST.
Flavor | Version | Tinstall | Tcheck | Ttotal | Status | Flags |
---|---|---|---|---|---|---|
r-devel-linux-x86_64-debian-clang | 0.1.8 | 2.08 | 31.17 | 33.25 | OK | |
r-devel-linux-x86_64-debian-gcc | 0.1.8 | 1.52 | 24.77 | 26.29 | OK | |
r-devel-linux-x86_64-fedora-clang | 0.1.8 | 53.90 | OK | |||
r-devel-linux-x86_64-fedora-gcc | 0.1.8 | 49.70 | OK | |||
r-devel-windows-x86_64 | 0.1.8 | 3.00 | 55.00 | 58.00 | OK | |
r-patched-linux-x86_64 | 0.1.8 | 2.17 | 28.13 | 30.30 | OK | |
r-release-linux-x86_64 | 0.1.8 | 2.03 | 28.29 | 30.32 | OK | |
r-release-macos-arm64 | 0.1.8 | 20.00 | OK | |||
r-release-macos-x86_64 | 0.1.8 | 35.00 | OK | |||
r-release-windows-x86_64 | 0.1.8 | 4.00 | 56.00 | 60.00 | OK | |
r-oldrel-macos-arm64 | 0.1.8 | 26.00 | OK | |||
r-oldrel-macos-x86_64 | 0.1.8 | 48.00 | NOTE | |||
r-oldrel-windows-x86_64 | 0.1.8 | 4.00 | 61.00 | 65.00 | OK |
Version: 0.1.8
Check: package dependencies
Result: NOTE
Package suggested but not available for checking: ‘arrow’
Flavor: r-oldrel-macos-x86_64
Version: 0.1.8
Check: Rd cross-references
Result: NOTE
Package unavailable to check Rd xrefs: ‘arrow’
Flavor: r-oldrel-macos-x86_64