Last updated on 2025-05-10 12:49:39 CEST.
Flavor | Version | Tinstall | Tcheck | Ttotal | Status | Flags |
---|---|---|---|---|---|---|
r-devel-linux-x86_64-debian-clang | 1.0.8 | 47.12 | 111.76 | 158.88 | OK | |
r-devel-linux-x86_64-debian-gcc | 1.0.8 | 42.34 | 81.78 | 124.12 | OK | |
r-devel-linux-x86_64-fedora-clang | 1.0.8 | 254.55 | OK | |||
r-devel-linux-x86_64-fedora-gcc | 1.0.8 | 238.01 | OK | |||
r-devel-windows-x86_64 | 1.0.8 | 50.00 | 108.00 | 158.00 | OK | |
r-patched-linux-x86_64 | 1.0.8 | 44.37 | 102.17 | 146.54 | OK | |
r-release-linux-x86_64 | 1.0.8 | 48.18 | 101.67 | 149.85 | OK | |
r-release-macos-arm64 | 1.0.8 | 91.00 | OK | |||
r-release-macos-x86_64 | 1.0.8 | 138.00 | OK | |||
r-release-windows-x86_64 | 1.0.8 | 50.00 | 113.00 | 163.00 | OK | |
r-oldrel-macos-arm64 | 1.0.8 | 85.00 | NOTE | |||
r-oldrel-macos-x86_64 | 1.0.8 | 173.00 | NOTE | |||
r-oldrel-windows-x86_64 | 1.0.8 | 62.00 | 142.00 | 204.00 | NOTE |
Version: 1.0.8
Check: installed package size
Result: NOTE
installed size is 5.9Mb
sub-directories of 1Mb or more:
data 4.5Mb
Flavors: r-oldrel-macos-arm64, r-oldrel-macos-x86_64, r-oldrel-windows-x86_64