CRAN Package Check Results for Package danstat

Last updated on 2025-07-17 20:50:05 CEST.

Flavor Version Tinstall Tcheck Ttotal Status Flags
r-devel-linux-x86_64-debian-clang 0.2.0 3.89 46.02 49.91 NOTE
r-devel-linux-x86_64-debian-gcc 0.2.0 2.70 35.46 38.16 NOTE
r-devel-linux-x86_64-fedora-clang 0.2.0 74.79 OK
r-devel-linux-x86_64-fedora-gcc 0.2.0 83.11 OK
r-devel-windows-x86_64 0.2.0 6.00 70.00 76.00 OK
r-patched-linux-x86_64 0.2.0 3.91 42.15 46.06 OK
r-release-linux-x86_64 0.2.0 3.63 41.70 45.33 OK
r-release-macos-arm64 0.2.0 70.00 OK
r-release-macos-x86_64 0.2.0 99.00 OK
r-release-windows-x86_64 0.2.0 7.00 73.00 80.00 OK
r-oldrel-macos-arm64 0.2.0 72.00 OK
r-oldrel-macos-x86_64 0.2.0 82.00 OK
r-oldrel-windows-x86_64 0.2.0 8.00 81.00 89.00 OK

Check Details

Version: 0.2.0
Check: CRAN incoming feasibility
Result: NOTE Maintainer: ‘Valeri Voev <v_voev@yahoo.com>’ No Authors@R field in DESCRIPTION. Please add one, modifying Authors@R: person(given = "Valeri", family = "Voev", role = c("aut", "cre"), email = "v_voev@yahoo.com") as necessary. Flavors: r-devel-linux-x86_64-debian-clang, r-devel-linux-x86_64-debian-gcc