CRAN Package Check Results for Package d4storagehub4R

Last updated on 2025-05-10 20:49:38 CEST.

Flavor Version Tinstall Tcheck Ttotal Status Flags
r-devel-linux-x86_64-debian-clang 0.4-4 5.73 34.95 40.68 NOTE
r-devel-linux-x86_64-debian-gcc 0.4-4 3.59 27.21 30.80 NOTE
r-devel-linux-x86_64-fedora-clang 0.4-4 62.05 OK
r-devel-linux-x86_64-fedora-gcc 0.4-4 62.18 OK
r-devel-windows-x86_64 0.4-4 6.00 52.00 58.00 NOTE
r-patched-linux-x86_64 0.4-4 5.88 33.34 39.22 NOTE
r-release-linux-x86_64 0.4-4 5.41 33.44 38.85 NOTE
r-release-macos-arm64 0.4-4 27.00 OK
r-release-macos-x86_64 0.4-4 43.00 OK
r-release-windows-x86_64 0.4-4 7.00 56.00 63.00 NOTE
r-oldrel-macos-arm64 0.4-4 23.00 OK
r-oldrel-macos-x86_64 0.4-4 36.00 OK
r-oldrel-windows-x86_64 0.4-4 8.00 62.00 70.00 OK

Check Details

Version: 0.4-4
Check: Rd cross-references
Result: NOTE Found the following Rd file(s) with Rd \link{} targets missing package anchors: StoragehubManager.Rd: R6Class d4storagehub4RLogger.Rd: R6Class Please provide package anchors for all Rd \link{} targets not in the package itself and the base packages. Flavors: r-devel-linux-x86_64-debian-clang, r-devel-linux-x86_64-debian-gcc, r-devel-windows-x86_64, r-patched-linux-x86_64, r-release-linux-x86_64, r-release-windows-x86_64