Last updated on 2025-05-10 20:49:38 CEST.
Flavor | Version | Tinstall | Tcheck | Ttotal | Status | Flags |
---|---|---|---|---|---|---|
r-devel-linux-x86_64-debian-clang | 0.2.2 | 7.41 | 115.87 | 123.28 | OK | |
r-devel-linux-x86_64-debian-gcc | 0.2.2 | 5.36 | 83.93 | 89.29 | OK | |
r-devel-linux-x86_64-fedora-clang | 0.2.2 | 213.90 | OK | |||
r-devel-linux-x86_64-fedora-gcc | 0.2.2 | 213.53 | OK | |||
r-devel-windows-x86_64 | 0.2.2 | 10.00 | 119.00 | 129.00 | OK | |
r-patched-linux-x86_64 | 0.2.2 | 7.63 | 110.70 | 118.33 | OK | |
r-release-linux-x86_64 | 0.2.2 | 7.35 | 109.61 | 116.96 | OK | |
r-release-macos-arm64 | 0.2.2 | 63.00 | OK | |||
r-release-macos-x86_64 | 0.2.2 | 125.00 | OK | |||
r-release-windows-x86_64 | 0.2.2 | 9.00 | 118.00 | 127.00 | OK | |
r-oldrel-macos-arm64 | 0.2.2 | 55.00 | NOTE | |||
r-oldrel-macos-x86_64 | 0.2.2 | 89.00 | NOTE | |||
r-oldrel-windows-x86_64 | 0.2.2 | 11.00 | 151.00 | 162.00 | NOTE |
Version: 0.2.2
Check: LazyData
Result: NOTE
'LazyData' is specified without a 'data' directory
Flavors: r-oldrel-macos-arm64, r-oldrel-macos-x86_64, r-oldrel-windows-x86_64