Last updated on 2024-05-19 12:53:43 CEST.
Flavor | Version | Tinstall | Tcheck | Ttotal | Status | Flags |
---|---|---|---|---|---|---|
r-devel-linux-x86_64-debian-clang | 3.10.0 | 1493.84 | 560.65 | 2054.49 | OK | |
r-devel-linux-x86_64-debian-gcc | 3.10.0 | 1138.29 | 443.13 | 1581.42 | OK | |
r-devel-linux-x86_64-fedora-clang | 3.10.0 | 2243.75 | NOTE | |||
r-devel-linux-x86_64-fedora-gcc | 3.10.0 | 3129.34 | NOTE | |||
r-devel-windows-x86_64 | 3.10.0 | 895.00 | 418.00 | 1313.00 | NOTE | --no-vignettes |
r-patched-linux-x86_64 | 3.10.0 | 0.02 | 3.34 | 3.36 | ERROR | |
r-release-linux-x86_64 | 3.10.0 | 520.36 | 3.40 | 523.76 | ERROR | |
r-release-macos-arm64 | 3.10.0 | 645.00 | NOTE | |||
r-release-windows-x86_64 | 3.10.0 | 885.00 | 392.00 | 1277.00 | NOTE | --no-vignettes |
r-oldrel-macos-arm64 | 3.10.0 | 681.00 | NOTE | |||
r-oldrel-macos-x86_64 | 3.9.0 | 1803.00 | ERROR | |||
r-oldrel-windows-x86_64 | 3.10.0 | 1233.00 | 451.00 | 1684.00 | NOTE | --no-vignettes |
Version: 3.10.0
Check: installed package size
Result: NOTE
installed size is 17.3Mb
sub-directories of 1Mb or more:
R 1.2Mb
data 1.7Mb
libs 13.0Mb
Flavors: r-devel-linux-x86_64-fedora-clang, r-release-macos-arm64, r-oldrel-macos-arm64
Version: 3.10.0
Check: dependencies in R code
Result: NOTE
Namespace in Imports field not imported from: ‘rstantools’
All declared Imports should be used.
Flavors: r-devel-linux-x86_64-fedora-clang, r-devel-linux-x86_64-fedora-gcc
Version: 3.10.0
Check: for GNU extensions in Makefiles
Result: NOTE
GNU make is a SystemRequirements.
Flavors: r-devel-linux-x86_64-fedora-clang, r-devel-linux-x86_64-fedora-gcc, r-release-macos-arm64, r-oldrel-macos-arm64
Version: 3.10.0
Check: for detritus in the temp directory
Result: NOTE
Found the following files/directories:
‘par-7269706c6579’
Flavors: r-devel-linux-x86_64-fedora-clang, r-devel-linux-x86_64-fedora-gcc
Version: 3.10.0
Flags: --no-vignettes
Check: installed package size
Result: NOTE
installed size is 12.1Mb
sub-directories of 1Mb or more:
R 1.2Mb
data 1.7Mb
libs 7.9Mb
Flavors: r-devel-windows-x86_64, r-release-windows-x86_64, r-oldrel-windows-x86_64
Version: 3.10.0
Check: whether package can be installed
Result: ERROR
Installation failed.
Flavors: r-patched-linux-x86_64, r-release-linux-x86_64
Version: 3.9.0
Check: installed package size
Result: NOTE
installed size is 180.8Mb
sub-directories of 1Mb or more:
R 2.1Mb
data 2.0Mb
libs 175.5Mb
Flavor: r-oldrel-macos-x86_64
Version: 3.9.0
Check: for GNU extensions in Makefiles
Result: NOTE
GNU make is a SystemRequirements.
Flavor: r-oldrel-macos-x86_64
Version: 3.9.0
Check: tests
Result: ERROR
Running ‘testthat.R’ [73s/114s]
Running the tests in ‘tests/testthat.R’ failed.
Last 13 lines of output:
Chain 1: Iteration: 290 / 300 [ 96%] (Sampling)
Chain 2: Iteration: 190 / 300 [ 63%] (Sampling)
Chain 1: Iteration: 300 / 300 [100%] (Sampling)
Chain 1:
Chain 1: Elapsed Time: 22.012 seconds (Warm-up)
Chain 1: 17.161 seconds (Sampling)
Chain 1: 39.173 seconds (Total)
Chain 1:
Chain 2: Iteration: 210 / 300 [ 70%] (Sampling)
Chain 2: Iteration: 230 / 300 [ 76%] (Sampling)
Chain 2: Iteration: 250 / 300 [ 83%] (Sampling)
Chain 2: Iteration: 270 / 300 [ 90%] (Sampling)
Chain 2: Iteration: 290 / 300 [ 96%] (Sampling)
Execution halted
Flavor: r-oldrel-macos-x86_64