CRAN Package Check Results for Package ctf

Last updated on 2025-07-15 16:48:23 CEST.

Flavor Version Tinstall Tcheck Ttotal Status Flags
r-devel-linux-x86_64-debian-clang 0.1.0 1.64 21.33 22.97 NOTE
r-devel-linux-x86_64-debian-gcc 0.1.0 1.36 18.19 19.55 NOTE
r-devel-linux-x86_64-fedora-clang 0.1.0 35.97 OK
r-devel-linux-x86_64-fedora-gcc 0.1.0 47.68 OK
r-devel-windows-x86_64 0.1.0 3.00 46.00 49.00 OK
r-patched-linux-x86_64 0.1.0 1.63 19.86 21.49 OK
r-release-linux-x86_64 0.1.0 1.54 20.12 21.66 OK
r-release-macos-arm64 0.1.0 26.00 OK
r-release-macos-x86_64 0.1.0 38.00 OK
r-release-windows-x86_64 0.1.0 2.00 51.00 53.00 OK
r-oldrel-macos-arm64 0.1.0 23.00 OK
r-oldrel-macos-x86_64 0.1.0 32.00 OK
r-oldrel-windows-x86_64 0.1.0 2.00 48.00 50.00 OK

Check Details

Version: 0.1.0
Check: CRAN incoming feasibility
Result: NOTE Maintainer: ‘Clark Fitzgerald <fitzgerald@csus.edu>’ The BugReports field in DESCRIPTION has https://github.com/julianofhernandez/ctf which should likely be https://github.com/julianofhernandez/ctf/issues instead. Flavors: r-devel-linux-x86_64-debian-clang, r-devel-linux-x86_64-debian-gcc