Last updated on 2025-07-18 01:49:11 CEST.
Flavor | Version | Tinstall | Tcheck | Ttotal | Status | Flags |
---|---|---|---|---|---|---|
r-devel-linux-x86_64-debian-clang | 0.1.7 | 3.37 | 46.26 | 49.63 | NOTE | |
r-devel-linux-x86_64-debian-gcc | 0.1.7 | 2.57 | 38.04 | 40.61 | NOTE | |
r-devel-linux-x86_64-fedora-clang | 0.1.7 | 73.57 | OK | |||
r-devel-linux-x86_64-fedora-gcc | 0.1.7 | 81.75 | OK | |||
r-devel-windows-x86_64 | 0.1.7 | 7.00 | 70.00 | 77.00 | OK | |
r-patched-linux-x86_64 | 0.1.7 | 3.71 | 42.60 | 46.31 | OK | |
r-release-linux-x86_64 | 0.1.7 | 3.45 | 42.39 | 45.84 | OK | |
r-release-macos-arm64 | 0.1.7 | 33.00 | OK | |||
r-release-macos-x86_64 | 0.1.7 | 57.00 | OK | |||
r-release-windows-x86_64 | 0.1.7 | 8.00 | 71.00 | 79.00 | OK | |
r-oldrel-macos-arm64 | 0.1.7 | 31.00 | OK | |||
r-oldrel-macos-x86_64 | 0.1.7 | 48.00 | OK | |||
r-oldrel-windows-x86_64 | 0.1.7 | 7.00 | 78.00 | 85.00 | OK |
Version: 0.1.7
Check: CRAN incoming feasibility
Result: NOTE
Maintainer: ‘Robin Gower <csvwr@infonomics.ltd.uk>’
No Authors@R field in DESCRIPTION.
Please add one, modifying
Authors@R: person(given = "Robin",
family = "Gower",
role = c("aut", "cre"),
email = "csvwr@infonomics.ltd.uk")
as necessary.
Flavors: r-devel-linux-x86_64-debian-clang, r-devel-linux-x86_64-debian-gcc