Last updated on 2025-07-15 12:49:18 CEST.
Flavor | Version | Tinstall | Tcheck | Ttotal | Status | Flags |
---|---|---|---|---|---|---|
r-devel-linux-x86_64-debian-clang | 1.0 | 4.21 | 35.49 | 39.70 | NOTE | |
r-devel-linux-x86_64-debian-gcc | 1.0 | 3.29 | 28.15 | 31.44 | NOTE | |
r-devel-linux-x86_64-fedora-clang | 1.0 | 58.50 | OK | |||
r-devel-linux-x86_64-fedora-gcc | 1.0 | 56.16 | OK | |||
r-devel-windows-x86_64 | 1.0 | 5.00 | 54.00 | 59.00 | OK | |
r-patched-linux-x86_64 | 1.0 | 3.89 | 33.97 | 37.86 | OK | |
r-release-linux-x86_64 | 1.0 | 4.15 | 33.62 | 37.77 | OK | |
r-release-macos-arm64 | 1.0 | 25.00 | OK | |||
r-release-macos-x86_64 | 1.0 | 36.00 | OK | |||
r-release-windows-x86_64 | 1.0 | 5.00 | 62.00 | 67.00 | OK | |
r-oldrel-macos-arm64 | 1.0 | 22.00 | OK | |||
r-oldrel-macos-x86_64 | 1.0 | 31.00 | OK | |||
r-oldrel-windows-x86_64 | 1.0 | 8.00 | 62.00 | 70.00 | OK |
Version: 1.0
Check: CRAN incoming feasibility
Result: NOTE
Maintainer: ‘Deniz Yenigun <deniz.yenigun@bilgi.edu.tr>’
No Authors@R field in DESCRIPTION.
Please add one, modifying
Authors@R: c(person(given = "Deniz",
family = "Yenigun",
role = c("aut", "cre"),
email = "deniz.yenigun@bilgi.edu.tr"),
person(given = "Gunes",
family = "Ertan",
role = "aut"),
person(given = "Michael",
family = "Siciliano",
role = "aut"))
as necessary.
Found the following URLs which should use \doi (with the DOI name only):
File ‘atm.Rd’:
http://dx.doi.org/10.1016/j.socnet.2012.06.004
File ‘cssTools-package.Rd’:
http://dx.doi.org/10.1016/0378-8733(87)90009-8
File ‘highTechManagers.Rd’:
http://dx.doi.org/10.1016/0378-8733(87)90009-8
File ‘s14.Rd’:
http://dx.doi.org/10.1007/BF01896809
File ‘sliceQuality.Rd’:
http://dx.doi.org/10.1016/0378-8733(87)90009-8
http://dx.doi.org/10.1016/j.socnet.2012.06.004
Flavors: r-devel-linux-x86_64-debian-clang, r-devel-linux-x86_64-debian-gcc