Last updated on 2025-05-10 16:52:13 CEST.
Flavor | Version | Tinstall | Tcheck | Ttotal | Status | Flags |
---|---|---|---|---|---|---|
r-devel-linux-x86_64-debian-clang | 0.8.1 | 13.82 | 236.94 | 250.76 | NOTE | |
r-devel-linux-x86_64-debian-gcc | 0.8.1 | 9.25 | 161.54 | 170.79 | NOTE | |
r-devel-linux-x86_64-fedora-clang | 0.8.1 | 421.18 | NOTE | |||
r-devel-linux-x86_64-fedora-gcc | 0.8.1 | 388.04 | NOTE | |||
r-devel-windows-x86_64 | 0.8.1 | 14.00 | 201.00 | 215.00 | NOTE | |
r-patched-linux-x86_64 | 0.8.1 | 13.61 | 217.96 | 231.57 | NOTE | |
r-release-linux-x86_64 | 0.8.1 | 13.03 | 221.44 | 234.47 | NOTE | |
r-release-macos-arm64 | 0.8.1 | 97.00 | NOTE | |||
r-release-macos-x86_64 | 0.8.1 | 207.00 | NOTE | |||
r-release-windows-x86_64 | 0.8.1 | 15.00 | 201.00 | 216.00 | NOTE | |
r-oldrel-macos-arm64 | 0.8.1 | 104.00 | OK | |||
r-oldrel-macos-x86_64 | 0.8.1 | 174.00 | OK | |||
r-oldrel-windows-x86_64 | 0.8.1 | 19.00 | 254.00 | 273.00 | OK |
Version: 0.8.1
Check: DESCRIPTION meta-information
Result: NOTE
Missing dependency on R >= 4.1.0 because package code uses the pipe
|> or function shorthand \(...) syntax added in R 4.1.0.
File(s) using such syntax:
‘officer.R’
Flavors: r-devel-linux-x86_64-debian-clang, r-devel-linux-x86_64-debian-gcc, r-devel-linux-x86_64-fedora-clang, r-devel-linux-x86_64-fedora-gcc, r-devel-windows-x86_64, r-patched-linux-x86_64, r-release-linux-x86_64, r-release-macos-arm64, r-release-macos-x86_64, r-release-windows-x86_64