Last updated on 2025-07-15 01:49:13 CEST.
Flavor | Version | Tinstall | Tcheck | Ttotal | Status | Flags |
---|---|---|---|---|---|---|
r-devel-linux-x86_64-debian-clang | 0.2.3 | 7.34 | 88.56 | 95.90 | OK | |
r-devel-linux-x86_64-debian-gcc | 0.2.3 | 4.62 | 62.49 | 67.11 | OK | |
r-devel-linux-x86_64-fedora-clang | 0.2.3 | 140.38 | OK | |||
r-devel-linux-x86_64-fedora-gcc | 0.2.3 | 146.25 | OK | |||
r-devel-windows-x86_64 | 0.2.3 | 9.00 | 96.00 | 105.00 | OK | |
r-patched-linux-x86_64 | 0.2.3 | 7.04 | 83.48 | 90.52 | OK | |
r-release-linux-x86_64 | 0.2.3 | 7.35 | 83.59 | 90.94 | OK | |
r-release-macos-arm64 | 0.2.3 | 122.00 | OK | |||
r-release-macos-x86_64 | 0.2.3 | 92.00 | OK | |||
r-release-windows-x86_64 | 0.2.3 | 10.00 | 107.00 | 117.00 | OK | |
r-oldrel-macos-arm64 | 0.2.3 | 57.00 | NOTE | |||
r-oldrel-macos-x86_64 | 0.2.3 | 96.00 | NOTE | |||
r-oldrel-windows-x86_64 | 0.2.3 | 12.00 | 120.00 | 132.00 | NOTE |
Version: 0.2.3
Check: installed package size
Result: NOTE
installed size is 6.5Mb
sub-directories of 1Mb or more:
doc 6.4Mb
Flavors: r-oldrel-macos-arm64, r-oldrel-macos-x86_64, r-oldrel-windows-x86_64