Last updated on 2025-05-10 20:49:37 CEST.
Flavor | Version | Tinstall | Tcheck | Ttotal | Status | Flags |
---|---|---|---|---|---|---|
r-devel-linux-x86_64-debian-clang | 0.0.26 | 13.38 | 102.51 | 115.89 | NOTE | |
r-devel-linux-x86_64-debian-gcc | 0.0.26 | 8.56 | 71.99 | 80.55 | NOTE | |
r-devel-linux-x86_64-fedora-clang | 0.0.26 | 160.39 | OK | |||
r-devel-linux-x86_64-fedora-gcc | 0.0.26 | 164.50 | OK | |||
r-devel-windows-x86_64 | 0.0.26 | 14.00 | 131.00 | 145.00 | OK | |
r-patched-linux-x86_64 | 0.0.26 | 13.52 | 95.00 | 108.52 | OK | |
r-release-linux-x86_64 | 0.0.26 | 12.22 | 94.66 | 106.88 | OK | |
r-release-macos-arm64 | 0.0.26 | 54.00 | OK | |||
r-release-macos-x86_64 | 0.0.26 | 89.00 | OK | |||
r-release-windows-x86_64 | 0.0.26 | 15.00 | 131.00 | 146.00 | OK | |
r-oldrel-macos-arm64 | 0.0.26 | 43.00 | OK | |||
r-oldrel-macos-x86_64 | 0.0.26 | 68.00 | OK | |||
r-oldrel-windows-x86_64 | 0.0.26 | 18.00 | 149.00 | 167.00 | OK |
Version: 0.0.26
Check: CRAN incoming feasibility
Result: NOTE
Maintainer: ‘Tinniam V Ganesh <tvganesh.85@gmail.com>’
No Authors@R field in DESCRIPTION.
Please add one, modifying
Authors@R: person(given = c("Tinniam", "V"),
family = "Ganesh",
role = c("aut", "cre"),
email = "tvganesh.85@gmail.com")
as necessary.
Flavors: r-devel-linux-x86_64-debian-clang, r-devel-linux-x86_64-debian-gcc