CRAN Package Check Results for Package cprr

Last updated on 2025-07-28 12:50:00 CEST.

Flavor Version Tinstall Tcheck Ttotal Status Flags
r-devel-linux-x86_64-debian-clang 0.2.0 1.70 20.15 21.85 NOTE
r-devel-linux-x86_64-debian-gcc 0.2.0 1.43 16.81 18.24 NOTE
r-devel-linux-x86_64-fedora-clang 0.2.0 29.68 OK
r-devel-linux-x86_64-fedora-gcc 0.2.0 30.07 OK
r-devel-windows-x86_64 0.2.0 2.00 48.00 50.00 OK
r-patched-linux-x86_64 0.2.0 1.74 18.06 19.80 OK
r-release-linux-x86_64 0.2.0 1.72 17.88 19.60 OK
r-release-macos-arm64 0.2.0 17.00 OK
r-release-macos-x86_64 0.2.0 35.00 OK
r-release-windows-x86_64 0.2.0 2.00 40.00 42.00 OK
r-oldrel-macos-arm64 0.2.0 15.00 OK
r-oldrel-macos-x86_64 0.2.0 25.00 OK
r-oldrel-windows-x86_64 0.2.0 3.00 42.00 45.00 OK

Check Details

Version: 0.2.0
Check: CRAN incoming feasibility
Result: NOTE Maintainer: ‘Jacob Anhøj <jacob@anhoej.net>’ No Authors@R field in DESCRIPTION. Please add one, modifying Authors@R: c(person(given = "Jacob", family = "Anhoej", role = "aut"), person(given = "Jacob", family = "Anhøj", role = "cre", email = "jacob@anhoej.net")) as necessary. Flavors: r-devel-linux-x86_64-debian-clang, r-devel-linux-x86_64-debian-gcc